{"id":2050,"date":"2016-11-08T16:57:49","date_gmt":"2016-11-08T15:57:49","guid":{"rendered":"http:\/\/lookingforserendip.com\/?page_id=2050"},"modified":"2021-04-07T15:48:39","modified_gmt":"2021-04-07T13:48:39","slug":"du-chill-a-tire-larigot","status":"publish","type":"page","link":"https:\/\/www.lookingforserendip.com\/index.php\/du-chill-a-tire-larigot\/","title":{"rendered":"Du \u00abchill \u00bb \u00e0 tire larigot"},"content":{"rendered":"<p><em>Ecrit apr\u00e8s une nuit pass\u00e9 \u00e0 Flores, dans l\u2019auberge \u00ab\u00a0Los Amigos\u00a0\u00bb.<\/em><\/p>\n<p>Je compte plus tous ces hostels, auberges, h\u00f4tels (appelez \u00e7a comme vous voulez) \u00e0 \u00ab\u00a0l\u2019europ\u00e9enne\u00a0\u00bb ou \u00ab\u00a0\u00e0 l\u2019am\u00e9ricaine\u00a0\u00bb, que j\u2019ai pu voir pendant mes voyages. Toutes ces structures pour \u00ab\u00a0backpackers\u00a0\u00bb, qui sous des airs accueillants (d\u00e9co sympa, souvent \u00ab\u00a0r\u00e9cup\u00a0\u00bb et artisanat local, avec des pi\u00e8ces communes et de nombreux canap\u00e9s, une musique \u00e9lectro \u00e0 la mode en fond sonore type <em>la belle musique<\/em> ou <em>the sound you need<\/em>), en profitent tout le temps pour gonfler les prix.<\/p>\n<p>Ici c\u2019est g\u00e9nial \u2026 \u00ab\u00a0Happy hour all day\u00a0\u00bb, c\u2019est magnifique ! Mais qu\u2019est-ce que \u00e7a veut dire ? Je vais prendre la d\u00e9finition la plus commune de ce terme anglais \u2026 \u00abC\u2019est une p\u00e9riode d&#8217;une ou de plusieurs\u00a0heures\u00a0au cours de laquelle un\u00a0d\u00e9bit de boisson\u00a0propose des\u00a0boissons, en particulier\u00a0alcoolis\u00e9es, \u00e0 des\u00a0tarifs plus avantageux\u00a0que d&#8217;ordinaire.\u00a0\u00bb d\u2019accord, mais du coup si c\u2019est tout le temps les m\u00eames prix\u00a0? Quels sont les prix de bases\u00a0? C\u2019est juste une \u00e9norme enculade.<\/p>\n<p>Bref, ces structures n\u2019ont de \u00ab\u00a0backpackers\u00a0\u00bb que le nom ou l\u2019ambiance aseptis\u00e9e qu\u2019elles tentent d\u2019instaurer. Au final, apr\u00e8s avoir travaill\u00e9 au sein d\u2019un village club Pierre &amp; Vacances (ahhhh va de retro satana), qui est en soi, l\u2019oppos\u00e9 total du \u00abbackpackers\u00a0\u00bb, je me rends compte que les techniques de ventes et les couleuvres qu\u2019on fait avaler sont les m\u00eames\u00a0! Exactement les m\u00eames\u00a0! Staff amical genre \u00ab\u00a0on est tous pote\u00a0\u00bb, catalogue de prestations additionnelles \u00e9normes (excursions, transports, pub crawl, laverie, taxis \u2026), bar et restaurant (avec des prix 25 \u00e0 50% plus \u00e9lev\u00e9s que la normale) \u2026<\/p>\n<p>Pour avoir travaill\u00e9 (en l\u2019\u00e9change du g\u00eete et parfois du couvert, et oui comme ces endroits sont des machines \u00e0 cash, les volontaires sont les bienvenus) dans plusieurs structures de ce type (en Thailande \u00e0 Koh Phangan, aux Etats-Unis \u00e0 Seattle et Seward et au Mexique \u00e0 Guadalajara), l\u2019exploitation des clients assez scandaleuse \u2026 A chaque fois (et de par mes exp\u00e9riences personnelles), les commissions touch\u00e9es sur les prestations additionnelles, type excursions et transports, sont folles, les doses servies au bar sont souvent ridicules et les employ\u00e9s, toujours des locaux, sont pay\u00e9s au salaire minimum \u2026 Mais c\u2019est sans doute le prix du \u00ab\u00a0chill\u00a0\u00bb\u00a0!<\/p>\n<p>\u00ab\u00a0Chill\u00a0\u00bb ce mot r\u00e9cemment entr\u00e9 dans le vocabulaire hype des jeunes du monde entier \u2026 Une nouveaut\u00e9 qui \u00e9vite de dire qu\u2019on a rien fait de sp\u00e9cial \u2026 Ou qu\u2019on a glander comme une m***e. Toujours dans cette optique d\u2019am\u00e9lioration du r\u00e9el, comme sur snapchat on met des filtres dans le vocabulaire pour gommer les imperfections et embellir un peu sa r\u00e9alit\u00e9. Dans ces lieux, c\u2019est pareil. Tout est embellie, une fine couche de verni sur un ongle incarn\u00e9 \u2026<\/p>\n<p>L\u2019ambiance y est clich\u00e9, il faut que \u00e7a ressemble \u00e0 l\u2019id\u00e9e qu\u2019on se fait du backpackers, celui qui est jeune, qui aime faire la f\u00eate et rencontrer d\u2019autres voyageurs\u00a0!<\/p>\n<p>Je suis encore une fois m\u00e9disant, alors que moi aussi, dans ce type d\u2019atmosph\u00e8re je d\u00e9gaine volontiers ma CB et participe aux parties de bi\u00e8res pong, jeux de cartes \u2026 Bref \u00e0 l\u2019enjaillement g\u00e9n\u00e9ral. Ce qui me d\u00e9range c\u2019est surtout le positionnement \u00ab\u00a0backpackers friendly\u00a0\u00bb avec souvent un produit d\u2019appel peu cher (le lit en dortoir) pour mieux te la mettre \u00e0 l\u2019envers derri\u00e8re.<\/p>\n<p>Bref, comme les grandes attractions touristiques, j\u2019essaye de les \u00e9viter au maximum.<\/p>\n","protected":false},"excerpt":{"rendered":"<p>Ecrit apr\u00e8s une nuit pass\u00e9 \u00e0 Flores, dans l\u2019auberge \u00ab\u00a0Los Amigos\u00a0\u00bb. Je compte plus tous ces hostels, auberges, h\u00f4tels (appelez \u00e7a comme vous voulez) \u00e0 \u00ab\u00a0l\u2019europ\u00e9enne\u00a0\u00bb ou \u00ab\u00a0\u00e0 l\u2019am\u00e9ricaine\u00a0\u00bb, que j\u2019ai pu voir pendant mes voyages. Toutes ces structures pour \u00ab\u00a0backpackers\u00a0\u00bb, qui sous des airs accueillants (d\u00e9co sympa, souvent \u00ab\u00a0r\u00e9cup\u00a0\u00bb et artisanat local, avec des [&hellip;]<\/p>\n","protected":false},"author":2,"featured_media":4720,"parent":0,"menu_order":0,"comment_status":"closed","ping_status":"closed","template":"","meta":{"footnotes":""},"categories":[56],"tags":[],"class_list":["post-2050","page","type-page","status-publish","has-post-thumbnail","hentry","category-reflexion"],"_links":{"self":[{"href":"https:\/\/www.lookingforserendip.com\/index.php\/wp-json\/wp\/v2\/pages\/2050","targetHints":{"allow":["GET"]}}],"collection":[{"href":"https:\/\/www.lookingforserendip.com\/index.php\/wp-json\/wp\/v2\/pages"}],"about":[{"href":"https:\/\/www.lookingforserendip.com\/index.php\/wp-json\/wp\/v2\/types\/page"}],"author":[{"embeddable":true,"href":"https:\/\/www.lookingforserendip.com\/index.php\/wp-json\/wp\/v2\/users\/2"}],"replies":[{"embeddable":true,"href":"https:\/\/www.lookingforserendip.com\/index.php\/wp-json\/wp\/v2\/comments?post=2050"}],"version-history":[{"count":2,"href":"https:\/\/www.lookingforserendip.com\/index.php\/wp-json\/wp\/v2\/pages\/2050\/revisions"}],"predecessor-version":[{"id":4719,"href":"https:\/\/www.lookingforserendip.com\/index.php\/wp-json\/wp\/v2\/pages\/2050\/revisions\/4719"}],"wp:featuredmedia":[{"embeddable":true,"href":"https:\/\/www.lookingforserendip.com\/index.php\/wp-json\/wp\/v2\/media\/4720"}],"wp:attachment":[{"href":"https:\/\/www.lookingforserendip.com\/index.php\/wp-json\/wp\/v2\/media?parent=2050"}],"wp:term":[{"taxonomy":"category","embeddable":true,"href":"https:\/\/www.lookingforserendip.com\/index.php\/wp-json\/wp\/v2\/categories?post=2050"},{"taxonomy":"post_tag","embeddable":true,"href":"https:\/\/www.lookingforserendip.com\/index.php\/wp-json\/wp\/v2\/tags?post=2050"}],"curies":[{"name":"wp","href":"https:\/\/api.w.org\/{rel}","templated":true}]}}