{"id":2130,"date":"2016-12-13T13:48:55","date_gmt":"2016-12-13T12:48:55","guid":{"rendered":"http:\/\/lookingforserendip.com\/?page_id=2130"},"modified":"2020-11-15T14:21:11","modified_gmt":"2020-11-15T13:21:11","slug":"et-bim-le-sac","status":"publish","type":"page","link":"https:\/\/www.lookingforserendip.com\/index.php\/et-bim-le-sac\/","title":{"rendered":"Et bim &#8230; Le sac !"},"content":{"rendered":"<p><del><\/del>Satan\u00e9 sac \u00e0 dos et toujours la m\u00eame question qui revient &#8230; Est ce que je prend \u00e7a ?<\/p>\n<p>Des milliers d&#8217;articles, des milliers d&#8217;avis &#8230; je m&#8217;en tape, je rajoute le miens !<\/p>\n<p>Pour moi c&#8217;est tr\u00e8s tr\u00e8s tr\u00e8s simple, \u00e0 partir du moment o\u00f9 je me dis &#8220;Si jamais je &#8230;&#8221;, je ne prend pas le v\u00eatement ou l&#8217;objet en question. Point ! Rien \u00e0 ajouter \ud83d\ude42<\/p>\n<p>Pour mon dernier voyage qui commen\u00e7ait en Alaska et se terminait au Mexique en passant par le Guatemala, je suis parti avec un sac de moins de 6 kilos. Le voici ci-dessous.<\/p>\n<p><img decoding=\"async\" src=\"https:\/\/i1.wp.com\/lookingforserendip.files.wordpress.com\/2016\/08\/20160815_1549181.jpg?ssl=1\" alt=\"20160815_154918\"><\/p>\n<p>Pourquoi se surcharger d&#8217;affaires quand on peut prendre le strict minimum et acheter sur place ce qui nous manque.<\/p>\n<p>bref, pour pas faire trop gros, je conseil d&#8217;avoir un sac d&#8217;une capacit\u00e9 maximum de 50 litres (qui peut le plus, peut le moins), ce qui r\u00e9duit le risque de prendre trop puisque la capacit\u00e9 est limit\u00e9e.<\/p>\n<p>Une liste possible serait :<\/p>\n<p>Sac principal (soute) &#8211;&gt;<\/p>\n<ul>\n<li>1 pantalon ville \/ 1 pantalon rando (remplacer par 1 short ou bermuda si pays chaud)<\/li>\n<li>2 t-shirts \/ 2 chemises<\/li>\n<li>1 veste zipp\u00e9 (un peu chaude)<\/li>\n<li>1 pull<\/li>\n<li>doudoune compacte (ici celle de <a href=\"http:\/\/www.decathlon.fr\/x-light-1-homme-noir-id_8318546.html?LGWCODE=392841;11737;809&amp;utm_source=google_shopping&amp;utm_term=X-Light%201%20homme%20noir&amp;utm_medium=cpc&amp;utm_campaign=ecommerce_shopbot&amp;utm_source=google&amp;utm_medium=cpc&amp;utm_term=.&amp;utm_campaign=PLA-Evenementiel&amp;utm_content=s_dc|pcrid|160381327123|pkw||pmt|\">decathlon<\/a>&nbsp;aux alentours de 35\u20ac)<\/li>\n<li>4 cale\u00e7ons, 4 paires de chaussettes<\/li>\n<li>1 trousse toilette (parfum, brosse \u00e0 dent, dentifrice, savon, coupe ongle, d\u00e9o)<\/li>\n<li>1 trousse m\u00e9doc (smectas, antihistaminiques, ibuprof\u00e8nes, s\u00e9nophile, cr\u00e8me antibiotique type &#8220;aur\u00e9omycine&#8221;, d\u00e9sinfectant usage unique type &#8220;dosiseptine) bien s\u00fbre faut pas \u00eatre con et prendre les emballages avec, le tout d\u00e9coup\u00e9 rentre dans une toute petite trousse.<\/li>\n<\/ul>\n<p>Sac annexe (utilis\u00e9 pour les journ\u00e9es et les choses &#8220;pr\u00e9cieuses&#8221;) &#8211;&gt;<\/p>\n<ul>\n<li>Un peu de lecture<\/li>\n<li>Adaptateur secteur<\/li>\n<li>Ordinateur + chargeur<\/li>\n<li>Carnet de voyage<\/li>\n<li>Documents administratifs<\/li>\n<li>Couverture de survie<\/li>\n<\/ul>\n<p>C&#8217;est un point final pour moi. Il est tr\u00e8s facile de trouver des v\u00eatements bon march\u00e9, qu&#8217;on peut limite, porter et jeter. A Seattle, j&#8217;ai achet\u00e9 2 bermudas (dont 1 Armani lol) et 1 t-shirt pour 13 dollars.<\/p>\n<p>Remarque importante &#8211;&gt; En Asie c&#8217;est tr\u00e8s compliqu\u00e9 de trouver sa taille &#8230; Surtout pour les sous-v\u00eatements.<\/p>\n","protected":false},"excerpt":{"rendered":"<p>Satan\u00e9 sac \u00e0 dos et toujours la m\u00eame question qui revient &#8230; Est ce que je prend \u00e7a ? Des milliers d&#8217;articles, des milliers d&#8217;avis &#8230; je m&#8217;en tape, je rajoute le miens ! Pour moi c&#8217;est tr\u00e8s tr\u00e8s tr\u00e8s simple, \u00e0 partir du moment o\u00f9 je me dis &#8220;Si jamais je &#8230;&#8221;, je ne [&hellip;]<\/p>\n","protected":false},"author":2,"featured_media":0,"parent":0,"menu_order":0,"comment_status":"closed","ping_status":"closed","template":"","meta":{"footnotes":""},"categories":[53],"tags":[],"class_list":["post-2130","page","type-page","status-publish","hentry","category-conseils"],"_links":{"self":[{"href":"https:\/\/www.lookingforserendip.com\/index.php\/wp-json\/wp\/v2\/pages\/2130","targetHints":{"allow":["GET"]}}],"collection":[{"href":"https:\/\/www.lookingforserendip.com\/index.php\/wp-json\/wp\/v2\/pages"}],"about":[{"href":"https:\/\/www.lookingforserendip.com\/index.php\/wp-json\/wp\/v2\/types\/page"}],"author":[{"embeddable":true,"href":"https:\/\/www.lookingforserendip.com\/index.php\/wp-json\/wp\/v2\/users\/2"}],"replies":[{"embeddable":true,"href":"https:\/\/www.lookingforserendip.com\/index.php\/wp-json\/wp\/v2\/comments?post=2130"}],"version-history":[{"count":2,"href":"https:\/\/www.lookingforserendip.com\/index.php\/wp-json\/wp\/v2\/pages\/2130\/revisions"}],"predecessor-version":[{"id":4576,"href":"https:\/\/www.lookingforserendip.com\/index.php\/wp-json\/wp\/v2\/pages\/2130\/revisions\/4576"}],"wp:attachment":[{"href":"https:\/\/www.lookingforserendip.com\/index.php\/wp-json\/wp\/v2\/media?parent=2130"}],"wp:term":[{"taxonomy":"category","embeddable":true,"href":"https:\/\/www.lookingforserendip.com\/index.php\/wp-json\/wp\/v2\/categories?post=2130"},{"taxonomy":"post_tag","embeddable":true,"href":"https:\/\/www.lookingforserendip.com\/index.php\/wp-json\/wp\/v2\/tags?post=2130"}],"curies":[{"name":"wp","href":"https:\/\/api.w.org\/{rel}","templated":true}]}}