{"id":2798,"date":"2017-06-28T00:36:27","date_gmt":"2017-06-27T23:36:27","guid":{"rendered":"http:\/\/lookingforserendip.com\/?page_id=2798"},"modified":"2017-08-31T15:36:03","modified_gmt":"2017-08-31T13:36:03","slug":"usa-part-one-alaska","status":"publish","type":"page","link":"https:\/\/www.lookingforserendip.com\/index.php\/usa-part-one-alaska\/","title":{"rendered":"USA Part One &#8211; Alaska"},"content":{"rendered":"\n<style type=\"text\/css\" data-created_by=\"avia_inline_auto\" id=\"style-css-av-av_one_full-3ccb73cafde42ed0f5162d0581c4f7df\">\n.flex_column.av-av_one_full-3ccb73cafde42ed0f5162d0581c4f7df{\nborder-radius:0px 0px 0px 0px;\npadding:0px 0px 0px 0px;\n}\n<\/style>\n<div  class='flex_column av-av_one_full-3ccb73cafde42ed0f5162d0581c4f7df av_one_full  avia-builder-el-0  avia-builder-el-no-sibling  first flex_column_div av-animated-generic pop-up av-zero-column-padding  '     ><div  data-slideshow-options=\"{&quot;animation&quot;:&quot;fade&quot;,&quot;autoplay&quot;:false,&quot;loop_autoplay&quot;:&quot;once&quot;,&quot;interval&quot;:5,&quot;loop_manual&quot;:&quot;manual-endless&quot;,&quot;autoplay_stopper&quot;:false,&quot;noNavigation&quot;:false,&quot;show_slide_delay&quot;:90}\" class='avia-content-slider avia-content-grid-active avia-content-slider1 avia-content-slider-even  avia-builder-el-1  avia-builder-el-no-sibling  av-slideshow-ui av-control-default   av-no-slider-navigation av-slideshow-manual av-loop-once av-loop-manual-endless '  itemscope=\"itemscope\" itemtype=\"https:\/\/schema.org\/Blog\" ><div class=\"avia-content-slider-inner\"><div class=\"slide-entry-wrap\"><article class='slide-entry flex_column  post-entry post-entry-1197 slide-entry-overview slide-loop-1 slide-parity-odd  av_one_half first fake-thumbnail posttype-post post-format-standard'  itemscope=\"itemscope\" itemtype=\"https:\/\/schema.org\/CreativeWork\" ><a href='https:\/\/www.lookingforserendip.com\/index.php\/2016\/09\/08\/serendip-au-bout-du-pouce-video\/' data-rel='slide-1' class='slide-image' title='Auto-stop, rencontre sur le pouce [Vid\u00e9o]'><span class='fallback-post-type-icon' aria-hidden='true' data-av_icon='\ue836' data-av_iconfont='entypo-fontello'><\/span><span class='slider-fallback-image'><\/span><\/a><div class=\"slide-content\"><header class=\"entry-content-header\"><span class=\"blog-categories minor-meta\"><a href=\"https:\/\/www.lookingforserendip.com\/index.php\/category\/alaska\/\" rel=\"tag\">Alaska<\/a>, <a href=\"https:\/\/www.lookingforserendip.com\/index.php\/category\/non-classe\/\" rel=\"tag\">Non class\u00e9<\/a> <\/span><h3 class='slide-entry-title entry-title '  itemprop=\"headline\" ><a href='https:\/\/www.lookingforserendip.com\/index.php\/2016\/09\/08\/serendip-au-bout-du-pouce-video\/' title='Auto-stop, rencontre sur le pouce [Vid\u00e9o]'>Auto-stop, rencontre sur le pouce [Vid\u00e9o]<\/a><\/h3><span class=\"av-vertical-delimiter\"><\/span><\/header><div class='slide-entry-excerpt entry-content'  itemprop=\"text\" >[youtube https:\/\/www.youtube.com\/watch?v=abmDIRlFBjw&amp;w=560&amp;h=315]\n\n\n\nEncore merci \u00e0 Kat de m'avoir ouvert sa porti\u00e8re pour le trajet Seward - Anchorage. Une belle rencontre qui s'est prolong\u00e9e dans la soir\u00e9e o\u00f9 elle m'a invit\u00e9\u2026<\/div><\/div><footer class=\"entry-footer\"><div class=\"slide-meta\"><time class='slide-meta-time updated'  itemprop=\"datePublished\" datetime=\"2016-09-08T02:45:20+02:00\" >8 septembre 2016<\/time><div class=\"slide-meta-del\">\/<\/div><div class=\"slide-meta-comments\"><a href='https:\/\/www.lookingforserendip.com\/index.php\/2016\/09\/08\/serendip-au-bout-du-pouce-video\/#comments'>1 Commentaire<\/a><\/div><\/div><\/footer><span class='hidden'>\n\t\t\t\t<span class='av-structured-data'  itemprop=\"image\" itemscope=\"itemscope\" itemtype=\"https:\/\/schema.org\/ImageObject\" >\n\t\t\t\t\t\t<span itemprop='url'>https:\/\/www.lookingforserendip.com\/wp-content\/uploads\/2017\/08\/logo-raph-FINAL.jpg<\/span>\n\t\t\t\t\t\t<span itemprop='height'>0<\/span>\n\t\t\t\t\t\t<span itemprop='width'>0<\/span>\n\t\t\t\t<\/span>\n\t\t\t\t<span class='av-structured-data'  itemprop=\"publisher\" itemtype=\"https:\/\/schema.org\/Organization\" itemscope=\"itemscope\" >\n\t\t\t\t\t\t<span itemprop='name'>Marcassin Fou<\/span>\n\t\t\t\t\t\t<span itemprop='logo' itemscope itemtype='https:\/\/schema.org\/ImageObject'>\n\t\t\t\t\t\t\t<span itemprop='url'>https:\/\/www.lookingforserendip.com\/wp-content\/uploads\/2017\/08\/logo-raph-FINAL.jpg<\/span>\n\t\t\t\t\t\t<\/span>\n\t\t\t\t<\/span><span class='av-structured-data'  itemprop=\"author\" itemscope=\"itemscope\" itemtype=\"https:\/\/schema.org\/Person\" ><span itemprop='name'>Marcassin Fou<\/span><\/span><span class='av-structured-data'  itemprop=\"datePublished\" datetime=\"2017-06-28T00:36:27+02:00\" >2016-09-08 02:45:20<\/span><span class='av-structured-data'  itemprop=\"dateModified\" itemtype=\"https:\/\/schema.org\/dateModified\" >2017-08-31 15:34:47<\/span><span class='av-structured-data'  itemprop=\"mainEntityOfPage\" itemtype=\"https:\/\/schema.org\/mainEntityOfPage\" ><span itemprop='name'>Auto-stop, rencontre sur le pouce [Vid\u00e9o]<\/span><\/span><\/span><\/article><article class='slide-entry flex_column  post-entry post-entry-1112 slide-entry-overview slide-loop-2 slide-parity-even  av_one_half  fake-thumbnail posttype-post post-format-standard'  itemscope=\"itemscope\" itemtype=\"https:\/\/schema.org\/CreativeWork\" ><a href='https:\/\/www.lookingforserendip.com\/index.php\/2016\/09\/05\/alaska-et-on-fait-le-bilan-calmement%e2%99%aa%e2%99%ac\/' data-rel='slide-1' class='slide-image' title='Alaska &#8230; &#8220;Et on fait le bilan calmement&#8221;\u266a\u266c'><span class='fallback-post-type-icon' aria-hidden='true' data-av_icon='\ue836' data-av_iconfont='entypo-fontello'><\/span><span class='slider-fallback-image'><\/span><\/a><div class=\"slide-content\"><header class=\"entry-content-header\"><span class=\"blog-categories minor-meta\"><a href=\"https:\/\/www.lookingforserendip.com\/index.php\/category\/alaska\/\" rel=\"tag\">Alaska<\/a>, <a href=\"https:\/\/www.lookingforserendip.com\/index.php\/category\/non-classe\/\" rel=\"tag\">Non class\u00e9<\/a> <\/span><h3 class='slide-entry-title entry-title '  itemprop=\"headline\" ><a href='https:\/\/www.lookingforserendip.com\/index.php\/2016\/09\/05\/alaska-et-on-fait-le-bilan-calmement%e2%99%aa%e2%99%ac\/' title='Alaska &#8230; &#8220;Et on fait le bilan calmement&#8221;\u266a\u266c'>Alaska &#8230; &#8220;Et on fait le bilan calmement&#8221;\u266a\u266c<\/a><\/h3><span class=\"av-vertical-delimiter\"><\/span><\/header><div class='slide-entry-excerpt entry-content'  itemprop=\"text\" >Ceci refl\u00e8te mon exp\u00e9rience et mon opinion.\n\nEn venant ici, je savais o\u00f9 je mettais les pieds, c'est \u00e0 dire un \u00e9tat \u00e0 majorit\u00e9 R\u00e9publicaine. J'avais d\u00e9j\u00e0 une opinion tr\u00e8s n\u00e9gative des Etats Unis, mais comme toujours, j'aime me confronter\u2026<\/div><\/div><footer class=\"entry-footer\"><div class=\"slide-meta\"><time class='slide-meta-time updated'  itemprop=\"datePublished\" datetime=\"2016-09-05T23:22:45+02:00\" >5 septembre 2016<\/time><div class=\"slide-meta-del\">\/<\/div><div class=\"slide-meta-comments\"><a href='https:\/\/www.lookingforserendip.com\/index.php\/2016\/09\/05\/alaska-et-on-fait-le-bilan-calmement%e2%99%aa%e2%99%ac\/#comments'>2 Commentaires<\/a><\/div><\/div><\/footer><span class='hidden'>\n\t\t\t\t<span class='av-structured-data'  itemprop=\"image\" itemscope=\"itemscope\" itemtype=\"https:\/\/schema.org\/ImageObject\" >\n\t\t\t\t\t\t<span itemprop='url'>https:\/\/www.lookingforserendip.com\/wp-content\/uploads\/2017\/08\/logo-raph-FINAL.jpg<\/span>\n\t\t\t\t\t\t<span itemprop='height'>0<\/span>\n\t\t\t\t\t\t<span itemprop='width'>0<\/span>\n\t\t\t\t<\/span>\n\t\t\t\t<span class='av-structured-data'  itemprop=\"publisher\" itemtype=\"https:\/\/schema.org\/Organization\" itemscope=\"itemscope\" >\n\t\t\t\t\t\t<span itemprop='name'>Marcassin Fou<\/span>\n\t\t\t\t\t\t<span itemprop='logo' itemscope itemtype='https:\/\/schema.org\/ImageObject'>\n\t\t\t\t\t\t\t<span itemprop='url'>https:\/\/www.lookingforserendip.com\/wp-content\/uploads\/2017\/08\/logo-raph-FINAL.jpg<\/span>\n\t\t\t\t\t\t<\/span>\n\t\t\t\t<\/span><span class='av-structured-data'  itemprop=\"author\" itemscope=\"itemscope\" itemtype=\"https:\/\/schema.org\/Person\" ><span itemprop='name'>Marcassin Fou<\/span><\/span><span class='av-structured-data'  itemprop=\"datePublished\" datetime=\"2017-06-28T00:36:27+02:00\" >2016-09-05 23:22:45<\/span><span class='av-structured-data'  itemprop=\"dateModified\" itemtype=\"https:\/\/schema.org\/dateModified\" >2017-08-31 15:34:47<\/span><span class='av-structured-data'  itemprop=\"mainEntityOfPage\" itemtype=\"https:\/\/schema.org\/mainEntityOfPage\" ><span itemprop='name'>Alaska &#8230; &#8220;Et on fait le bilan calmement&#8221;\u266a\u266c<\/span><\/span><\/span><\/article><\/div><div class=\"slide-entry-wrap\"><article class='slide-entry flex_column  post-entry post-entry-1084 slide-entry-overview slide-loop-3 slide-parity-odd  av_one_half first fake-thumbnail posttype-post post-format-standard'  itemscope=\"itemscope\" itemtype=\"https:\/\/schema.org\/CreativeWork\" ><a href='https:\/\/www.lookingforserendip.com\/index.php\/2016\/08\/29\/glacier-baleine-et-anchorage\/' data-rel='slide-1' class='slide-image' title='Glacier, baleine et Anchorage'><span class='fallback-post-type-icon' aria-hidden='true' data-av_icon='\ue836' data-av_iconfont='entypo-fontello'><\/span><span class='slider-fallback-image'><\/span><\/a><div class=\"slide-content\"><header class=\"entry-content-header\"><span class=\"blog-categories minor-meta\"><a href=\"https:\/\/www.lookingforserendip.com\/index.php\/category\/alaska\/\" rel=\"tag\">Alaska<\/a>, <a href=\"https:\/\/www.lookingforserendip.com\/index.php\/category\/non-classe\/\" rel=\"tag\">Non class\u00e9<\/a> <\/span><h3 class='slide-entry-title entry-title '  itemprop=\"headline\" ><a href='https:\/\/www.lookingforserendip.com\/index.php\/2016\/08\/29\/glacier-baleine-et-anchorage\/' title='Glacier, baleine et Anchorage'>Glacier, baleine et Anchorage<\/a><\/h3><span class=\"av-vertical-delimiter\"><\/span><\/header><div class='slide-entry-excerpt entry-content'  itemprop=\"text\" >Ces derniers jours ont \u00e9t\u00e9 riches en aventures.\n\nJ'ai d'abord fait l\u2019ascension du glacier Exit situ\u00e9 aux abords de la ville. Une randonn\u00e9e assez facile jusqu'en haut. Un environnement\u00a0magnifique, entre grandes plaines et hautes montagnes.\u2026<\/div><\/div><footer class=\"entry-footer\"><div class=\"slide-meta\"><time class='slide-meta-time updated'  itemprop=\"datePublished\" datetime=\"2016-08-29T23:43:00+02:00\" >29 ao\u00fbt 2016<\/time><div class=\"slide-meta-del\">\/<\/div><div class=\"slide-meta-comments\"><a href='https:\/\/www.lookingforserendip.com\/index.php\/2016\/08\/29\/glacier-baleine-et-anchorage\/#comments'>1 Commentaire<\/a><\/div><\/div><\/footer><span class='hidden'>\n\t\t\t\t<span class='av-structured-data'  itemprop=\"image\" itemscope=\"itemscope\" itemtype=\"https:\/\/schema.org\/ImageObject\" >\n\t\t\t\t\t\t<span itemprop='url'>https:\/\/www.lookingforserendip.com\/wp-content\/uploads\/2017\/08\/logo-raph-FINAL.jpg<\/span>\n\t\t\t\t\t\t<span itemprop='height'>0<\/span>\n\t\t\t\t\t\t<span itemprop='width'>0<\/span>\n\t\t\t\t<\/span>\n\t\t\t\t<span class='av-structured-data'  itemprop=\"publisher\" itemtype=\"https:\/\/schema.org\/Organization\" itemscope=\"itemscope\" >\n\t\t\t\t\t\t<span itemprop='name'>Marcassin Fou<\/span>\n\t\t\t\t\t\t<span itemprop='logo' itemscope itemtype='https:\/\/schema.org\/ImageObject'>\n\t\t\t\t\t\t\t<span itemprop='url'>https:\/\/www.lookingforserendip.com\/wp-content\/uploads\/2017\/08\/logo-raph-FINAL.jpg<\/span>\n\t\t\t\t\t\t<\/span>\n\t\t\t\t<\/span><span class='av-structured-data'  itemprop=\"author\" itemscope=\"itemscope\" itemtype=\"https:\/\/schema.org\/Person\" ><span itemprop='name'>Marcassin Fou<\/span><\/span><span class='av-structured-data'  itemprop=\"datePublished\" datetime=\"2017-06-28T00:36:27+02:00\" >2016-08-29 23:43:00<\/span><span class='av-structured-data'  itemprop=\"dateModified\" itemtype=\"https:\/\/schema.org\/dateModified\" >2017-08-31 15:34:47<\/span><span class='av-structured-data'  itemprop=\"mainEntityOfPage\" itemtype=\"https:\/\/schema.org\/mainEntityOfPage\" ><span itemprop='name'>Glacier, baleine et Anchorage<\/span><\/span><\/span><\/article><article class='slide-entry flex_column  post-entry post-entry-1076 slide-entry-overview slide-loop-4 slide-parity-even  av_one_half  fake-thumbnail posttype-post post-format-standard'  itemscope=\"itemscope\" itemtype=\"https:\/\/schema.org\/CreativeWork\" ><a href='https:\/\/www.lookingforserendip.com\/index.php\/2016\/08\/29\/hallelujah-premiere-video\/' data-rel='slide-1' class='slide-image' title='Hallelujah ! Premi\u00e8re vid\u00e9o'><span class='fallback-post-type-icon' aria-hidden='true' data-av_icon='\ue836' data-av_iconfont='entypo-fontello'><\/span><span class='slider-fallback-image'><\/span><\/a><div class=\"slide-content\"><header class=\"entry-content-header\"><span class=\"blog-categories minor-meta\"><a href=\"https:\/\/www.lookingforserendip.com\/index.php\/category\/alaska\/\" rel=\"tag\">Alaska<\/a>, <a href=\"https:\/\/www.lookingforserendip.com\/index.php\/category\/non-classe\/\" rel=\"tag\">Non class\u00e9<\/a> <\/span><h3 class='slide-entry-title entry-title '  itemprop=\"headline\" ><a href='https:\/\/www.lookingforserendip.com\/index.php\/2016\/08\/29\/hallelujah-premiere-video\/' title='Hallelujah ! Premi\u00e8re vid\u00e9o'>Hallelujah ! Premi\u00e8re vid\u00e9o<\/a><\/h3><span class=\"av-vertical-delimiter\"><\/span><\/header><div class='slide-entry-excerpt entry-content'  itemprop=\"text\" >Pot-Pourri \/ L'Alasknaz partie 1\n\n[youtube https:\/\/www.youtube.com\/watch?v=sSaOhZfsztY&w=560&h=315]\n\n&nbsp;<\/div><\/div><footer class=\"entry-footer\"><div class=\"slide-meta\"><time class='slide-meta-time updated'  itemprop=\"datePublished\" datetime=\"2016-08-29T23:27:22+02:00\" >29 ao\u00fbt 2016<\/time><div class=\"slide-meta-del\">\/<\/div><div class=\"slide-meta-comments\"><a href='https:\/\/www.lookingforserendip.com\/index.php\/2016\/08\/29\/hallelujah-premiere-video\/#respond'>0 Commentaires<\/a><\/div><\/div><\/footer><span class='hidden'>\n\t\t\t\t<span class='av-structured-data'  itemprop=\"image\" itemscope=\"itemscope\" itemtype=\"https:\/\/schema.org\/ImageObject\" >\n\t\t\t\t\t\t<span itemprop='url'>https:\/\/www.lookingforserendip.com\/wp-content\/uploads\/2017\/08\/logo-raph-FINAL.jpg<\/span>\n\t\t\t\t\t\t<span itemprop='height'>0<\/span>\n\t\t\t\t\t\t<span itemprop='width'>0<\/span>\n\t\t\t\t<\/span>\n\t\t\t\t<span class='av-structured-data'  itemprop=\"publisher\" itemtype=\"https:\/\/schema.org\/Organization\" itemscope=\"itemscope\" >\n\t\t\t\t\t\t<span itemprop='name'>Marcassin Fou<\/span>\n\t\t\t\t\t\t<span itemprop='logo' itemscope itemtype='https:\/\/schema.org\/ImageObject'>\n\t\t\t\t\t\t\t<span itemprop='url'>https:\/\/www.lookingforserendip.com\/wp-content\/uploads\/2017\/08\/logo-raph-FINAL.jpg<\/span>\n\t\t\t\t\t\t<\/span>\n\t\t\t\t<\/span><span class='av-structured-data'  itemprop=\"author\" itemscope=\"itemscope\" itemtype=\"https:\/\/schema.org\/Person\" ><span itemprop='name'>Marcassin Fou<\/span><\/span><span class='av-structured-data'  itemprop=\"datePublished\" datetime=\"2017-06-28T00:36:27+02:00\" >2016-08-29 23:27:22<\/span><span class='av-structured-data'  itemprop=\"dateModified\" itemtype=\"https:\/\/schema.org\/dateModified\" >2017-08-31 15:34:47<\/span><span class='av-structured-data'  itemprop=\"mainEntityOfPage\" itemtype=\"https:\/\/schema.org\/mainEntityOfPage\" ><span itemprop='name'>Hallelujah ! Premi\u00e8re vid\u00e9o<\/span><\/span><\/span><\/article><\/div><div class=\"slide-entry-wrap\"><article class='slide-entry flex_column  post-entry post-entry-1040 slide-entry-overview slide-loop-5 slide-parity-odd  av_one_half first fake-thumbnail posttype-post post-format-standard'  itemscope=\"itemscope\" itemtype=\"https:\/\/schema.org\/CreativeWork\" ><a href='https:\/\/www.lookingforserendip.com\/index.php\/2016\/08\/25\/anchorage-seward-i-need-dollars-%e2%99%ab%e2%99%ab\/' data-rel='slide-1' class='slide-image' title='Anchorage &#8211; Seward \/ I need dollars \u266b\u266b'><span class='fallback-post-type-icon' aria-hidden='true' data-av_icon='\ue836' data-av_iconfont='entypo-fontello'><\/span><span class='slider-fallback-image'><\/span><\/a><div class=\"slide-content\"><header class=\"entry-content-header\"><span class=\"blog-categories minor-meta\"><a href=\"https:\/\/www.lookingforserendip.com\/index.php\/category\/alaska\/\" rel=\"tag\">Alaska<\/a>, <a href=\"https:\/\/www.lookingforserendip.com\/index.php\/category\/non-classe\/\" rel=\"tag\">Non class\u00e9<\/a> <\/span><h3 class='slide-entry-title entry-title '  itemprop=\"headline\" ><a href='https:\/\/www.lookingforserendip.com\/index.php\/2016\/08\/25\/anchorage-seward-i-need-dollars-%e2%99%ab%e2%99%ab\/' title='Anchorage &#8211; Seward \/ I need dollars \u266b\u266b'>Anchorage &#8211; Seward \/ I need dollars \u266b\u266b<\/a><\/h3><span class=\"av-vertical-delimiter\"><\/span><\/header><div class='slide-entry-excerpt entry-content'  itemprop=\"text\" >Arriv\u00e9 \u00e0 Anchorage, j'ai pass\u00e9 ma premi\u00e8re nuit \"Alaskienne\" chez Th\u00e9odore, un \u00e9tudiant de 25 ans fan de trek et tr\u00e8s impliqu\u00e9 sur couchsurfing (plus de 40 couchsurfers h\u00e9berg\u00e9s en 6 mois). J'ai pas mal parl\u00e9 avec son colocataire,\u2026<\/div><\/div><footer class=\"entry-footer\"><div class=\"slide-meta\"><time class='slide-meta-time updated'  itemprop=\"datePublished\" datetime=\"2016-08-25T02:43:54+02:00\" >25 ao\u00fbt 2016<\/time><div class=\"slide-meta-del\">\/<\/div><div class=\"slide-meta-comments\"><a href='https:\/\/www.lookingforserendip.com\/index.php\/2016\/08\/25\/anchorage-seward-i-need-dollars-%e2%99%ab%e2%99%ab\/#respond'>0 Commentaires<\/a><\/div><\/div><\/footer><span class='hidden'>\n\t\t\t\t<span class='av-structured-data'  itemprop=\"image\" itemscope=\"itemscope\" itemtype=\"https:\/\/schema.org\/ImageObject\" >\n\t\t\t\t\t\t<span itemprop='url'>https:\/\/www.lookingforserendip.com\/wp-content\/uploads\/2017\/08\/logo-raph-FINAL.jpg<\/span>\n\t\t\t\t\t\t<span itemprop='height'>0<\/span>\n\t\t\t\t\t\t<span itemprop='width'>0<\/span>\n\t\t\t\t<\/span>\n\t\t\t\t<span class='av-structured-data'  itemprop=\"publisher\" itemtype=\"https:\/\/schema.org\/Organization\" itemscope=\"itemscope\" >\n\t\t\t\t\t\t<span itemprop='name'>Marcassin Fou<\/span>\n\t\t\t\t\t\t<span itemprop='logo' itemscope itemtype='https:\/\/schema.org\/ImageObject'>\n\t\t\t\t\t\t\t<span itemprop='url'>https:\/\/www.lookingforserendip.com\/wp-content\/uploads\/2017\/08\/logo-raph-FINAL.jpg<\/span>\n\t\t\t\t\t\t<\/span>\n\t\t\t\t<\/span><span class='av-structured-data'  itemprop=\"author\" itemscope=\"itemscope\" itemtype=\"https:\/\/schema.org\/Person\" ><span itemprop='name'>Marcassin Fou<\/span><\/span><span class='av-structured-data'  itemprop=\"datePublished\" datetime=\"2017-06-28T00:36:27+02:00\" >2016-08-25 02:43:54<\/span><span class='av-structured-data'  itemprop=\"dateModified\" itemtype=\"https:\/\/schema.org\/dateModified\" >2017-08-31 15:34:47<\/span><span class='av-structured-data'  itemprop=\"mainEntityOfPage\" itemtype=\"https:\/\/schema.org\/mainEntityOfPage\" ><span itemprop='name'>Anchorage &#8211; Seward \/ I need dollars \u266b\u266b<\/span><\/span><\/span><\/article><article class='slide-entry flex_column  post-entry post-entry-987 slide-entry-overview slide-loop-6 slide-parity-even  post-entry-last  av_one_half  fake-thumbnail posttype-post post-format-standard'  itemscope=\"itemscope\" itemtype=\"https:\/\/schema.org\/CreativeWork\" ><a href='https:\/\/www.lookingforserendip.com\/index.php\/2016\/08\/19\/we-are-watching-you\/' data-rel='slide-1' class='slide-image' title='Une \u00e9trange sensation &#8220;We are watching you&#8221;'><span class='fallback-post-type-icon' aria-hidden='true' data-av_icon='\ue836' data-av_iconfont='entypo-fontello'><\/span><span class='slider-fallback-image'><\/span><\/a><div class=\"slide-content\"><header class=\"entry-content-header\"><span class=\"blog-categories minor-meta\"><a href=\"https:\/\/www.lookingforserendip.com\/index.php\/category\/alaska\/\" rel=\"tag\">Alaska<\/a>, <a href=\"https:\/\/www.lookingforserendip.com\/index.php\/category\/non-classe\/\" rel=\"tag\">Non class\u00e9<\/a> <\/span><h3 class='slide-entry-title entry-title '  itemprop=\"headline\" ><a href='https:\/\/www.lookingforserendip.com\/index.php\/2016\/08\/19\/we-are-watching-you\/' title='Une \u00e9trange sensation &#8220;We are watching you&#8221;'>Une \u00e9trange sensation &#8220;We are watching you&#8221;<\/a><\/h3><span class=\"av-vertical-delimiter\"><\/span><\/header><div class='slide-entry-excerpt entry-content'  itemprop=\"text\" >La trajet a \u00e9t\u00e9 tr\u00e8s \u00e9trange, une gal\u00e8re sans nom, retour sur ce voyage que je qualifie de \"chelou\".\n\nTout a commenc\u00e9 \u00e0 la descente de l'avion \u00e0 Francfort, une employ\u00e9e de l'a\u00e9roport m'attendais sur le tarmac, elle m'a pris \u00e0 part,\u2026<\/div><\/div><footer class=\"entry-footer\"><div class=\"slide-meta\"><time class='slide-meta-time updated'  itemprop=\"datePublished\" datetime=\"2016-08-19T20:35:35+02:00\" >19 ao\u00fbt 2016<\/time><div class=\"slide-meta-del\">\/<\/div><div class=\"slide-meta-comments\"><a href='https:\/\/www.lookingforserendip.com\/index.php\/2016\/08\/19\/we-are-watching-you\/#respond'>0 Commentaires<\/a><\/div><\/div><\/footer><span class='hidden'>\n\t\t\t\t<span class='av-structured-data'  itemprop=\"image\" itemscope=\"itemscope\" itemtype=\"https:\/\/schema.org\/ImageObject\" >\n\t\t\t\t\t\t<span itemprop='url'>https:\/\/www.lookingforserendip.com\/wp-content\/uploads\/2017\/08\/logo-raph-FINAL.jpg<\/span>\n\t\t\t\t\t\t<span itemprop='height'>0<\/span>\n\t\t\t\t\t\t<span itemprop='width'>0<\/span>\n\t\t\t\t<\/span>\n\t\t\t\t<span class='av-structured-data'  itemprop=\"publisher\" itemtype=\"https:\/\/schema.org\/Organization\" itemscope=\"itemscope\" >\n\t\t\t\t\t\t<span itemprop='name'>Marcassin Fou<\/span>\n\t\t\t\t\t\t<span itemprop='logo' itemscope itemtype='https:\/\/schema.org\/ImageObject'>\n\t\t\t\t\t\t\t<span itemprop='url'>https:\/\/www.lookingforserendip.com\/wp-content\/uploads\/2017\/08\/logo-raph-FINAL.jpg<\/span>\n\t\t\t\t\t\t<\/span>\n\t\t\t\t<\/span><span class='av-structured-data'  itemprop=\"author\" itemscope=\"itemscope\" itemtype=\"https:\/\/schema.org\/Person\" ><span itemprop='name'>Marcassin Fou<\/span><\/span><span class='av-structured-data'  itemprop=\"datePublished\" datetime=\"2017-06-28T00:36:27+02:00\" >2016-08-19 20:35:35<\/span><span class='av-structured-data'  itemprop=\"dateModified\" itemtype=\"https:\/\/schema.org\/dateModified\" >2017-08-31 15:34:47<\/span><span class='av-structured-data'  itemprop=\"mainEntityOfPage\" itemtype=\"https:\/\/schema.org\/mainEntityOfPage\" ><span itemprop='name'>Une \u00e9trange sensation &#8220;We are watching you&#8221;<\/span><\/span><\/span><\/article><\/div><\/div><div class='pagination-wrap pagination-slider'><nav class='pagination'><span class='pagination-meta'>Page 1 sur 2<\/span><span class='current'>1<\/span><a href='https:\/\/www.lookingforserendip.com\/index.php\/wp-json\/wp\/v2\/pages\/2798\/?avia-element-paging=2' class='inactive next_page' >2<\/a><\/nav>\n<\/div><\/div><\/div>\n","protected":false},"excerpt":{"rendered":"","protected":false},"author":2,"featured_media":0,"parent":0,"menu_order":0,"comment_status":"closed","ping_status":"closed","template":"","meta":{"footnotes":""},"categories":[],"tags":[],"class_list":["post-2798","page","type-page","status-publish","hentry"],"_links":{"self":[{"href":"https:\/\/www.lookingforserendip.com\/index.php\/wp-json\/wp\/v2\/pages\/2798","targetHints":{"allow":["GET"]}}],"collection":[{"href":"https:\/\/www.lookingforserendip.com\/index.php\/wp-json\/wp\/v2\/pages"}],"about":[{"href":"https:\/\/www.lookingforserendip.com\/index.php\/wp-json\/wp\/v2\/types\/page"}],"author":[{"embeddable":true,"href":"https:\/\/www.lookingforserendip.com\/index.php\/wp-json\/wp\/v2\/users\/2"}],"replies":[{"embeddable":true,"href":"https:\/\/www.lookingforserendip.com\/index.php\/wp-json\/wp\/v2\/comments?post=2798"}],"version-history":[{"count":2,"href":"https:\/\/www.lookingforserendip.com\/index.php\/wp-json\/wp\/v2\/pages\/2798\/revisions"}],"predecessor-version":[{"id":3791,"href":"https:\/\/www.lookingforserendip.com\/index.php\/wp-json\/wp\/v2\/pages\/2798\/revisions\/3791"}],"wp:attachment":[{"href":"https:\/\/www.lookingforserendip.com\/index.php\/wp-json\/wp\/v2\/media?parent=2798"}],"wp:term":[{"taxonomy":"category","embeddable":true,"href":"https:\/\/www.lookingforserendip.com\/index.php\/wp-json\/wp\/v2\/categories?post=2798"},{"taxonomy":"post_tag","embeddable":true,"href":"https:\/\/www.lookingforserendip.com\/index.php\/wp-json\/wp\/v2\/tags?post=2798"}],"curies":[{"name":"wp","href":"https:\/\/api.w.org\/{rel}","templated":true}]}}