{"id":2954,"date":"2017-06-29T21:18:52","date_gmt":"2017-06-29T20:18:52","guid":{"rendered":"http:\/\/lookingforserendip.com\/?page_id=2954"},"modified":"2020-11-20T14:34:06","modified_gmt":"2020-11-20T13:34:06","slug":"top-10-musique","status":"publish","type":"page","link":"https:\/\/www.lookingforserendip.com\/index.php\/top-10-musique\/","title":{"rendered":"Top 10 Musique"},"content":{"rendered":"<p>Top 10 de Top 3 &#8230; Ici on fait pas comme tout le monde \ud83d\ude42<\/p>\n<p><span style=\"color: #ff0000;\"><strong>Rap\u00a0<\/strong><\/span><\/p>\n<p><!--more--><\/p>\n<p><strong>Keny Arkana<\/strong> : Pour moi une des plus belles plumes du rap fran\u00e7ais, un flow ravageur et un engagement sans faille. Adepte d&#8217;une musique contestataire, elle est ouvertement anticapitaliste et pro environnement. Une artiste enti\u00e8re qui ne s&#8217;est jamais reni\u00e9e. <span style=\"line-height: inherit;\">Sans conteste une artiste ind\u00e9boulonnable dans mes playlists.<\/span><\/p>\n<p><span style=\"line-height: inherit;\">Quelques titres que j&#8217;aime particuli\u00e8rement :\u00a0<\/span><a href=\"https:\/\/www.youtube.com\/watch?v=-u4K6jMydMk\">Odyss\u00e9e<\/a><span style=\"line-height: inherit;\"><a href=\"https:\/\/www.youtube.com\/watch?v=-u4K6jMydMk\">\u00a0d&#8217;une incomprise<\/a>,\u00a0<\/span><a style=\"line-height: inherit;\" href=\"https:\/\/www.youtube.com\/watch?v=UNlE0-vf7aw\">Clou\u00e9e au sol<\/a><span style=\"line-height: inherit;\">, <a href=\"https:\/\/www.youtube.com\/watch?v=KlI8sKbmZbg\">cherche en toi<\/a>, <a href=\"https:\/\/www.youtube.com\/watch?v=ROxYQCs_pQo\">Victoria.<\/a><\/span><\/p>\n<p><strong>I AM<\/strong> (Inclus tous les projets solo) : Pas besoin de pr\u00e9senter I AM &#8230;<\/p>\n<p>Un faible pour l&#8217;album &#8220;revoir un printemps&#8221;, &#8220;o\u00f9 je vis&#8221; de Shurik&#8217;n, &#8220;meteque et mat&#8221; et &#8220;sol invictus&#8221; de Akhenaton. <a href=\"https:\/\/www.youtube.com\/watch?v=QC6Zw_w_1TE\">La fin de leur monde<\/a>,\u00a0<a href=\"https:\/\/www.youtube.com\/watch?v=WbIjkHQxUZ4\">Mon texte le savon<\/a>, <a href=\"https:\/\/www.youtube.com\/watch?v=Rx3OEsv44gY\">L\u00e2che<\/a>, <a href=\"https:\/\/www.youtube.com\/watch?v=e_4iEFqE5lE\">Armes de dsitraction massive<\/a>, <a href=\"https:\/\/www.youtube.com\/watch?v=9YYKwACG1e8\">Nid de gu\u00eapes<\/a>, <a href=\"https:\/\/www.youtube.com\/watch?v=h1ifORYtEYk\">Samourai<\/a>, <a href=\"https:\/\/www.youtube.com\/watch?v=WV4P77stvRw\">Sachet blanc.<\/a><\/p>\n<p><strong>Orelsan \/ Casseur Flowter :\u00a0<\/strong>Pareil, on ne les pr\u00e9sente plus &#8230;<\/p>\n<p><a href=\"https:\/\/www.youtube.com\/watch?v=OfQ5Cp0SrSo\">Gros poissons dans une petite marre<\/a>, <a href=\"https:\/\/www.youtube.com\/watch?v=JNJlN6AZWvA\">Pour le pire<\/a>, <a href=\"https:\/\/www.youtube.com\/watch?v=oGdhZyS2ozo\">La terre est ronde<\/a>, <a href=\"https:\/\/www.youtube.com\/watch?v=B2kvtRprvkk\">Suicide social<\/a>, <a href=\"https:\/\/www.youtube.com\/watch?v=KIwHrPHS-4k\">Si facile<\/a>, <a href=\"https:\/\/www.youtube.com\/watch?v=1b0Eh4iELqQ\">\u00e0 l&#8217;heure o\u00f9 j&#8217;me couche<\/a>,<a href=\"https:\/\/www.youtube.com\/watch?v=MW1eQZ_PEb4\">\u00a0Inachev\u00e9.<\/a><\/p>\n<p><em>Aurait pu figurer : Sinik, Rocca, Oxmo Puccino, Sniper, Hugo TSR, Nekfeu &#8230;<\/em><\/p>\n<hr \/>\n<p><span style=\"color: #ff0000;\"><strong>Folk<\/strong><\/span><\/p>\n<p><!--more--><\/p>\n<p><strong>Tracy Chapman :\u00a0<\/strong>Pfffff Que dire ? Du g\u00e9nie.<\/p>\n<p><a href=\"https:\/\/www.youtube.com\/watch?v=uTIB10eQnA0\">Fast car<\/a>,\u00a0<a href=\"https:\/\/www.youtube.com\/watch?v=CoNtYC_XDC8\">All That You Have Is Your Soul<\/a>,\u00a0<a href=\"https:\/\/www.youtube.com\/watch?v=iZyifLh9xEk\">Material World,\u00a0<\/a><a href=\"https:\/\/www.youtube.com\/watch?v=LDqrjlqTyw0\">Paper and ink,<\/a>\u00a0<a href=\"https:\/\/www.youtube.com\/watch?v=ym1eDeOxq14\">Give me one reason<\/a>.<\/p>\n<p><strong>The tallest man on earth<\/strong> : D\u00e9couvert au Vietnam par mon amis Stuart, ce Su\u00e9dois est d\u00e9sormais un compagnon fid\u00e8le de mes voyages.<\/p>\n<p><a href=\"https:\/\/www.youtube.com\/watch?v=KTRELxg0Hmk\">Where I Thought I Met The Angels<\/a>,\u00a0<a href=\"https:\/\/www.youtube.com\/watch?v=ebSL7sL0QSM\">Bright Lanterns<\/a>,\u00a0<a href=\"https:\/\/www.youtube.com\/watch?v=8_YjK5Hk5Do\">I Won&#8217;t Be Found<\/a>,\u00a0<a href=\"https:\/\/www.youtube.com\/watch?v=3hIYcOUbtlU\">Like The Wheel<\/a>, <a href=\"https:\/\/www.youtube.com\/watch?v=Buzb6lxbp1A\">Pistol Dreams.<\/a><\/p>\n<p><strong>Colour of rice :\u00a0<\/strong>Une jeune fille pleine de talent que j&#8217;ai d\u00e9couvert dans l&#8217;\u00e9mission &#8220;The voice&#8221; (avec une reprise tr\u00e8s touchante de fast car). \u00c9limin\u00e9e bien trop t\u00f4t \u00e0 mon go\u00fbt ! Je suis donc all\u00e9 \u00e9couter son album &#8220;Fly&#8221; &#8230; J&#8217;ai ador\u00e9 \ud83d\ude42 Une voix douce pleine de sensibilit\u00e9, une guitare, des textes cisel\u00e9s et le tour est jou\u00e9, elle vous embarque avec elle !<\/p>\n<p><a href=\"https:\/\/www.youtube.com\/watch?v=oEF-l2QK5E8\">Fly<\/a>, <a href=\"https:\/\/www.youtube.com\/watch?v=3wfwqDDI2PM&amp;list=PL3yJqT4DGUyfkj55MSxQegYQzyFFam4Ck\">Wish<\/a>, <a href=\"https:\/\/www.youtube.com\/watch?v=xwJZ874IICU&amp;list=PL3yJqT4DGUyfkj55MSxQegYQzyFFam4Ck&amp;index=3\">Childhood friends<\/a>.<\/p>\n<p><em>Aurait pu figurer : Eddie Vedder, Leonard Cohen, Neil Young, Joshua Radin, Katie Melua, Passenger, Cat Stevens, Cocoon &#8230;<\/em><\/p>\n<hr \/>\n<p><span style=\"color: #ff0000;\"><strong>Chanson Fran\u00e7aise\u00a0<\/strong><\/span><\/p>\n<p><!--more--><\/p>\n<p><strong>Renaud :\u00a0<\/strong>Presque pas une journ\u00e9e ne se passe sans que j&#8217;\u00e9coute une des ses chansons.<\/p>\n<p><a href=\"https:\/\/www.youtube.com\/watch?v=Ccpopl-CkAA\">Dans mon HLM<\/a>, <a href=\"https:\/\/www.youtube.com\/watch?v=TxvzbdB9pZc\">Ma gonzesse<\/a>, <a href=\"https:\/\/www.youtube.com\/watch?v=OpTK6N2UmvU\">Laisse b\u00e9ton<\/a>, <a href=\"https:\/\/www.youtube.com\/watch?v=237A_EKwzCk\">Baltique<\/a>, <a href=\"https:\/\/www.youtube.com\/watch?v=K-Tuw2TztfQ\">les aventures de Gerard Lambert<\/a>, <a href=\"https:\/\/www.youtube.com\/watch?v=_JsOnJPyQgM\">viens chez moi j&#8217;habite chez une copine &#8230;<\/a><\/p>\n<p><em>Pour tous les aficionados de Renaud, je vous conseil Fran\u00e7ois Crimon, un jeune Amienois &#8220;qui chante vrai&#8221; ! <a href=\"https:\/\/www.youtube.com\/watch?v=srfbVMURQ48\">Coeur de braqueur<\/a>, <a href=\"https:\/\/www.youtube.com\/watch?v=EC0vKl11rRI\">Elle est parfaite<\/a>, <a href=\"https:\/\/www.youtube.com\/watch?v=riGWdrM6xtM\">Mister Parker<\/a>.<\/em><\/p>\n<p><strong>Francis Cabrel :\u00a0<\/strong>Le seul, l&#8217;unique !<\/p>\n<p>Ma chanson pr\u00e9f\u00e9r\u00e9e n&#8217;est pas sur youtube ! Rosie, <a href=\"https:\/\/www.youtube.com\/watch?v=CRo8Y2w-ePE\">La corrida<\/a>, <a href=\"https:\/\/www.youtube.com\/watch?v=hWKbiwEPoYo\">La dame de Haute Savoie<\/a>, <a href=\"https:\/\/www.youtube.com\/watch?v=82g1GtNeNT0\">L&#8217;encre de tes yeux<\/a>, <a href=\"https:\/\/www.youtube.com\/watch?v=AcyaNzyksfE\">Encore et encore<\/a>, <a href=\"https:\/\/www.youtube.com\/watch?v=B3chRntnMRw\">Octobre<\/a>.<\/p>\n<p><b>Georges Brassens : <\/b>J&#8217;adore !<\/p>\n<p><a href=\"https:\/\/www.youtube.com\/watch?v=zuxMhzKeozo\">Brave Margot<\/a>, <a href=\"https:\/\/www.youtube.com\/watch?v=ob6gvhZU3j4\">Le petit cheval<\/a>, <a href=\"https:\/\/www.youtube.com\/watch?v=L17rrZ-khMA\">Les sabots d&#8217;Helene<\/a>, <a href=\"https:\/\/www.youtube.com\/watch?v=tAkV2QrWC1s\">Je m&#8217;suis fait tout petit<\/a>, <a href=\"https:\/\/www.youtube.com\/watch?v=OFYGlFUtPek\">Le bistrot<\/a>, <a href=\"https:\/\/www.youtube.com\/watch?v=Rana365kkBM\">Grand p\u00e8re<\/a>, <a href=\"https:\/\/www.youtube.com\/watch?v=Vv_b8s1PG8E\">Les fun\u00e9railles.<\/a><\/p>\n<p><em>Aurait pu figurer : Igit, Brel, Gainsbourg, Vianney, Tryo, Bruel, Raphael &#8230;<\/em><\/p>\n","protected":false},"excerpt":{"rendered":"<p>Top 10 de Top 3 &#8230; Ici on fait pas comme tout le monde \ud83d\ude42 Rap\u00a0<\/p>\n","protected":false},"author":2,"featured_media":0,"parent":0,"menu_order":0,"comment_status":"closed","ping_status":"closed","template":"","meta":{"footnotes":""},"categories":[53],"tags":[],"class_list":["post-2954","page","type-page","status-publish","hentry","category-conseils"],"_links":{"self":[{"href":"https:\/\/www.lookingforserendip.com\/index.php\/wp-json\/wp\/v2\/pages\/2954","targetHints":{"allow":["GET"]}}],"collection":[{"href":"https:\/\/www.lookingforserendip.com\/index.php\/wp-json\/wp\/v2\/pages"}],"about":[{"href":"https:\/\/www.lookingforserendip.com\/index.php\/wp-json\/wp\/v2\/types\/page"}],"author":[{"embeddable":true,"href":"https:\/\/www.lookingforserendip.com\/index.php\/wp-json\/wp\/v2\/users\/2"}],"replies":[{"embeddable":true,"href":"https:\/\/www.lookingforserendip.com\/index.php\/wp-json\/wp\/v2\/comments?post=2954"}],"version-history":[{"count":2,"href":"https:\/\/www.lookingforserendip.com\/index.php\/wp-json\/wp\/v2\/pages\/2954\/revisions"}],"predecessor-version":[{"id":4583,"href":"https:\/\/www.lookingforserendip.com\/index.php\/wp-json\/wp\/v2\/pages\/2954\/revisions\/4583"}],"wp:attachment":[{"href":"https:\/\/www.lookingforserendip.com\/index.php\/wp-json\/wp\/v2\/media?parent=2954"}],"wp:term":[{"taxonomy":"category","embeddable":true,"href":"https:\/\/www.lookingforserendip.com\/index.php\/wp-json\/wp\/v2\/categories?post=2954"},{"taxonomy":"post_tag","embeddable":true,"href":"https:\/\/www.lookingforserendip.com\/index.php\/wp-json\/wp\/v2\/tags?post=2954"}],"curies":[{"name":"wp","href":"https:\/\/api.w.org\/{rel}","templated":true}]}}