{"id":3280,"date":"2017-07-31T10:28:17","date_gmt":"2017-07-31T09:28:17","guid":{"rendered":"http:\/\/lookingforserendip.com\/?page_id=3280"},"modified":"2020-11-20T14:41:06","modified_gmt":"2020-11-20T13:41:06","slug":"les-differentes-options-pour-voyager-gratuitement","status":"publish","type":"page","link":"https:\/\/www.lookingforserendip.com\/index.php\/les-differentes-options-pour-voyager-gratuitement\/","title":{"rendered":"Les diff\u00e9rentes options pour voyager gratuitement"},"content":{"rendered":"<p><i><span style=\"font-weight: 400;\">Ici, je passerai en revu les diff\u00e9rentes options qui s\u2019offrent \u00e0 vous pour voyager gratuitement.<\/span><\/i><\/p>\n<p><b>Rappel : Il me semble important de souligner que la motivation n\u2019est pas financi\u00e8re. Il s\u2019agit surtout de trouver des moyens qui permettent de voyager plus longtemps et qui donnent un sens \u00e0 l\u2019aventure. Bien au contraire, l\u2019\u00e9change et le donnant-donnant demande bien plus d\u2019implication personnelle.<\/b><\/p>\n<p><strong>Les plateformes de mise en relation entre volontaires et h\u00f4tes.<\/strong><\/p>\n<p>Le syst\u00e8me est bas\u00e9 sur l\u2019\u00e9change travail \/ logement ou travail \/ logement + nourriture.<\/p>\n<p>&nbsp;<\/p>\n<p><strong>Le plus d&#8217;opportunit\u00e9s :<\/strong><\/p>\n<ul>\n<li style=\"font-weight: 400;\"><span style=\"font-weight: 400;\"><strong><a href=\"https:\/\/www.workaway.info\/\">Workaway<\/a><\/strong><\/span><\/li>\n<\/ul>\n<p><span style=\"font-weight: 400;\">Combien \u00e7a co\u00fbte ?<\/span><\/p>\n<p><span style=\"font-weight: 400;\">29\u20ac\/an pour un compte individuel et 38\u20ac\/an pour un compte couple.<\/span><\/p>\n<p><span style=\"font-weight: 400;\">Malheureusement les prix ont augment\u00e9s depuis mon inscription (je d\u00e9couvre \u00e7a en m\u00eame temps que j\u2019\u00e9cris l\u2019article).<\/span><\/p>\n<p><span style=\"font-weight: 400;\">Quelques conseils :<\/span><\/p>\n<ul>\n<li>Envoyer des demandes environ 1 ou 2 mois avant l&#8217;arriv\u00e9e.<\/li>\n<li>Vous pouvez aussi rechercher les h\u00f4tes lastminute.<\/li>\n<li>Bien lire la description du workaway, notamment sur le travail qui est demand\u00e9, le nombre d&#8217;heure &#8230;<\/li>\n<li>Le plus important reste de bien lire les feedbacks laiss\u00e9s pas les gens qui vous ont pr\u00e9c\u00e9d\u00e9s pour avoir une id\u00e9e de l\u2019atmosph\u00e8re g\u00e9n\u00e9rale de l&#8217;endroit, de l&#8217;exigence &#8230;<\/li>\n<li>Pour les premi\u00e8res exp\u00e9riences, je conseil toujours de prendre un h\u00f4te avec beaucoup de feedback positifs.<\/li>\n<\/ul>\n<p>&nbsp;<\/p>\n<p><strong>La bonne alternative (en terme de vari\u00e9t\u00e9 d&#8217;offres et d&#8217;opportunit\u00e9s) :<\/strong><\/p>\n<ul>\n<li><strong><a href=\"http:\/\/www.helpx.net\/index.asp\">Helpx<\/a><\/strong><\/li>\n<\/ul>\n<p>Combien \u00e7a co\u00fbte ?<\/p>\n<p>20\u20ac pour deux ans<\/p>\n<p>&nbsp;<\/p>\n<p><strong>Le &#8220;roots&#8221; (travail dans les fermes) <em>pas si roots au vu des tarifs\u00a0<\/em>:<\/strong><\/p>\n<ul>\n<li><strong><a href=\"http:\/\/wwoofinternational.org\/\">Woofing<\/a><\/strong><\/li>\n<\/ul>\n<p>Combien \u00e7a co\u00fbte ?<\/p>\n<p>Le co\u00fbt est diff\u00e9rent suivant les pays. Effectivement, vous devrez vous inscrire dans chaque communaut\u00e9 Woofing du pays visit\u00e9 et les tarifs varient suivant les pays.<\/p>\n<p>Conseil :<\/p>\n<ul>\n<li>Attention, beaucoup d&#8217;h\u00f4te woofing ne sont pas vraiment bas\u00e9s sur l&#8217;\u00e9change culturel mais plus sur de l&#8217;exploitation &#8230; Il faut bien s&#8217;informer avant, tenter de trouver des anciens volontaires pour leur poser quelques questions et tout ira bien.<\/li>\n<\/ul>\n<p>&nbsp;<\/p>\n<p><strong>Le plus &#8220;jeune&#8221;<\/strong><\/p>\n<ul>\n<li><strong><a href=\"https:\/\/www.worldpackers.com\/\">WorldPackers<\/a><\/strong><\/li>\n<\/ul>\n<p>Combien \u00e7a co\u00fbte ?<\/p>\n<p>49 Dollars \u00e0 l&#8217;ann\u00e9e.<\/p>\n<p>&nbsp;<\/p>\n<p><strong>Le moins cher :<\/strong><\/p>\n<ul>\n<li><strong><a href=\"http:\/\/www.volunteersbase.com\/\">VolunteerBase<\/a><\/strong><\/li>\n<\/ul>\n<p>Combien \u00e7a co\u00fbte ?<\/p>\n<p>Gratuit<\/p>\n<p><img loading=\"lazy\" decoding=\"async\" class=\"alignnone size-full wp-image-3355\" src=\"https:\/\/www.lookingforserendip.com\/wp-content\/uploads\/2017\/07\/vb.jpg\" alt=\"vb\" width=\"637\" height=\"100\" srcset=\"https:\/\/www.lookingforserendip.com\/wp-content\/uploads\/2017\/07\/vb.jpg 637w, https:\/\/www.lookingforserendip.com\/wp-content\/uploads\/2017\/07\/vb-300x47.jpg 300w\" sizes=\"auto, (max-width: 637px) 100vw, 637px\" \/><\/p>\n<p>Conseil :<\/p>\n<ul>\n<li>M\u00eame si il y a peu d&#8217;opportunit\u00e9 pour le moment, c&#8217;est parce que le site est nouveau, alors faite un profil maintenant, \u00e7a ne co\u00fbte rien.<\/li>\n<\/ul>\n<p>&nbsp;<\/p>\n<p><strong>Le nouveau :<\/strong><\/p>\n<ul>\n<li><strong><a href=\"https:\/\/www.helpstay.com\">Help Stay<\/a><\/strong><\/li>\n<\/ul>\n<p>Combien \u00e7a co\u00fbte ?<\/p>\n<p>19,90\u20ac\/an ou 26,99\u20ac\/an pour un compte couple.<\/p>\n<p>&nbsp;<\/p>\n<p><strong>le nouveau concept :\u00a0<\/strong><\/p>\n<ul>\n<li><strong><a href=\"http:\/\/www.staydu.com\/\">Staydu<\/a><\/strong><\/li>\n<\/ul>\n<p><img loading=\"lazy\" decoding=\"async\" class=\"alignnone size-full wp-image-3377\" src=\"https:\/\/www.lookingforserendip.com\/wp-content\/uploads\/2017\/07\/staydu.jpg\" alt=\"Staydu\" width=\"573\" height=\"115\" srcset=\"https:\/\/www.lookingforserendip.com\/wp-content\/uploads\/2017\/07\/staydu.jpg 573w, https:\/\/www.lookingforserendip.com\/wp-content\/uploads\/2017\/07\/staydu-300x60.jpg 300w\" sizes=\"auto, (max-width: 573px) 100vw, 573px\" \/><\/p>\n<p>Comme vous pouvez le voir, il fonctionne avec un syst\u00e8me de vignette. Les h\u00f4tes proposent leurs options, \u00e0 vous de choisir celle qui vous convient. &#8220;Aider&#8221;, &#8220;Payer&#8221; ou &#8220;aucune contrepartie&#8221;. Un mix entre workaway, airbnb et couchsurfing.<\/p>\n<p>&nbsp;<\/p>\n<p><strong>Le plus globale :<\/strong><\/p>\n<ul>\n<li><strong><a href=\"https:\/\/www.idealist.org\/en\/\">Idealist<\/a><\/strong><\/li>\n<\/ul>\n<p>Ici, vous trouverez des offres de volontariats, mais aussi des offres d&#8217;emplois, des projets humanitaires, des projets de protections de la nature &#8230;<\/p>\n<p>Une source \u00e9norme d&#8217;opportunit\u00e9s MAIS il faut beaucoup chercher, classer&#8230; Recherches fastidieuses.<\/p>\n<p>Combien \u00e7a co\u00fbte ?<\/p>\n<p>Gratuit<\/p>\n<p>&nbsp;<\/p>\n<p><strong>Le bouche \u00e0 oreille<\/strong><\/p>\n<p>G\u00e9n\u00e9ralement, je pr\u00e9vois un premier volontariat avant d&#8217;arriver sur place. Une fois la-bas, il est facile de trouver un autre projet par le bouche \u00e0 oreille. Des voyageurs rencontr\u00e9s sur place, vous donnerons volontiers leurs bon plans. Il suffit d&#8217;avoir une adresse e-mail, un num\u00e9ro de t\u00e9l\u00e9phone ou que sais-je pour planifier un volontariat. C&#8217;est du syst\u00e8me D donc faut utiliser le syst\u00e8me D \ud83d\ude42<\/p>\n<p>&nbsp;<\/p>\n<p><strong>Pour finir :\u00a0<\/strong><\/p>\n<ul>\n<li>Vous pouvez contacter les h\u00f4tes directement &#8230; Soit en candidature spontan\u00e9e (trouver l&#8217;adresse e-mail et envoy\u00e9 un petit courriel chiad\u00e9).<\/li>\n<li>Pour cela, vous pouvez facilement retrouver les h\u00f4tes list\u00e9s dans les diff\u00e9rents sites pr\u00e9sent\u00e9s ci-dessus en regroupant plusieurs informations de leur description (localisation, nom prenom, choses \u00e0 proximit\u00e9 &#8230;). En tapant tout \u00e7a sur google, vous devriez pouvoir les retrouver.<\/li>\n<\/ul>\n<p>&nbsp;<\/p>\n","protected":false},"excerpt":{"rendered":"<p>Ici, je passerai en revu les diff\u00e9rentes options qui s\u2019offrent \u00e0 vous pour voyager gratuitement. Rappel : Il me semble important de souligner que la motivation n\u2019est pas financi\u00e8re. Il s\u2019agit surtout de trouver des moyens qui permettent de voyager plus longtemps et qui donnent un sens \u00e0 l\u2019aventure. Bien au contraire, l\u2019\u00e9change et le [&hellip;]<\/p>\n","protected":false},"author":2,"featured_media":0,"parent":0,"menu_order":0,"comment_status":"closed","ping_status":"closed","template":"","meta":{"footnotes":""},"categories":[53],"tags":[],"class_list":["post-3280","page","type-page","status-publish","hentry","category-conseils"],"_links":{"self":[{"href":"https:\/\/www.lookingforserendip.com\/index.php\/wp-json\/wp\/v2\/pages\/3280","targetHints":{"allow":["GET"]}}],"collection":[{"href":"https:\/\/www.lookingforserendip.com\/index.php\/wp-json\/wp\/v2\/pages"}],"about":[{"href":"https:\/\/www.lookingforserendip.com\/index.php\/wp-json\/wp\/v2\/types\/page"}],"author":[{"embeddable":true,"href":"https:\/\/www.lookingforserendip.com\/index.php\/wp-json\/wp\/v2\/users\/2"}],"replies":[{"embeddable":true,"href":"https:\/\/www.lookingforserendip.com\/index.php\/wp-json\/wp\/v2\/comments?post=3280"}],"version-history":[{"count":2,"href":"https:\/\/www.lookingforserendip.com\/index.php\/wp-json\/wp\/v2\/pages\/3280\/revisions"}],"predecessor-version":[{"id":4591,"href":"https:\/\/www.lookingforserendip.com\/index.php\/wp-json\/wp\/v2\/pages\/3280\/revisions\/4591"}],"wp:attachment":[{"href":"https:\/\/www.lookingforserendip.com\/index.php\/wp-json\/wp\/v2\/media?parent=3280"}],"wp:term":[{"taxonomy":"category","embeddable":true,"href":"https:\/\/www.lookingforserendip.com\/index.php\/wp-json\/wp\/v2\/categories?post=3280"},{"taxonomy":"post_tag","embeddable":true,"href":"https:\/\/www.lookingforserendip.com\/index.php\/wp-json\/wp\/v2\/tags?post=3280"}],"curies":[{"name":"wp","href":"https:\/\/api.w.org\/{rel}","templated":true}]}}